t common divisor of v and w?
44
Let d = -150 + 306. Let y = -126 + d. What is the greatest common factor of 35 and y?
5
Let g be (-409)/(-6) + (-2)/12. Suppose -40*r = -37*r - 255. Calculate the greatest common divisor of g and r.
17
Suppose 22*f = -5503 + 5657. Calculate the greatest common divisor of 343 and f.
7
Let l = 3767 - 3747. What is the highest common factor of 5 and l?
5
Suppose 1 = d, -4*b + 4*d = -7*b + 445. Suppose 43 = -k + b. Calculate the highest common divisor of 8 and k.
8
Suppose 4*v = -3*t + 50, 15 - 50 = -4*t + v. Suppose t*z - 1332 = -72. What is the highest common divisor of z and 14?
14
Let s(f) = 1942*f - 3526. Let i be s(4). What is the highest common factor of i and 210?
42
Let q(i) = 2*i**3 - 12*i**2 - 3*i + 50. Let f be q(6). Calculate the highest common divisor of 488 and f.
8
Suppose 0 = 5*l - o - 348, 17*o + 9*o + 298 = 5*l. What is the greatest common divisor of 2260 and l?
10
Suppose -x + 3*x = 156. Let p = -111393 - -111417. Calculate the highest common factor of p and x.
6
Let d(l) = -5*l + 18. Let h be d(3). Suppose 1 = -h*v + 10, -4*b - 2*v + 50 = 0. What is the greatest common divisor of b and 143?
11
Suppose 2*y = -4*n + 34, 0*y - 16 = -4*y + 5*n. Let s = 2 + 23. Suppose 0 = 5*f - s, 3*f + 118 = 4*c - 155. What is the greatest common divisor of c and y?
9
Suppose 0*i - 2*i - 4*d = -342, 0 = -4*d - 8. Let o be 25300/1760 - (-30)/(-12)*(-6)/(-40). What is the greatest common divisor of o and i?
7
Suppose 5*j = -22 + 172. Suppose -9830 = 74*t - 25370. Calculate the greatest common divisor of t and j.
30
Suppose 13 = 3*g + 16. Let i be 3 - 0 - (30 - g). Let u = i + 39. What is the highest common divisor of 44 and u?
11
Let g = 279985 + -279929. Let h = -564 + 1488. What is the greatest common factor of g and h?
28
Let d(j) = -45*j + 174. Let i = -458 + 461. Let h be d(i). Let c be 5739/21 - 4/14. What is the greatest common factor of h and c?
39
Let d(o) = -o**2 + 9*o + 5. Let l be d(9). Suppose 10 = l*s, -2*k + 72 = 5*s - s. Let u be (-1)/(-5) + 158/10. Calculate the highest common factor of k and u.
16
Let w = -154 - -182. Suppose -5*m = 2*y + 12, m = -y - 6 - 6. Let k = y + w. Calculate the highest common divisor of 12 and k.
12
Suppose -u + 9 = -3*j, 2*j + 2*j = 5*u - 12. Suppose -11*v + 14*v - 243 = u. Let y be (-8)/28 - 260/(-28). Calculate the highest common factor of v and y.
9
Let a = -86 + 141. Let o(t) = -496 + 475 + 6*t**2 - 4*t**2. Let k be o(-4). Calculate the greatest common factor of a and k.
11
Suppose 2*f + 5*d = 40, 5*f = 4*d - 33 + 199. What is the greatest common factor of f and 13170?
30
Suppose -71*k + 49*k = 77*k - 1188. Suppose 5*a + 4*q - 872 = 0, 4*a = 4*q - 0*q + 676. Calculate the greatest common divisor of k and a.
4
Let c(m) = 63*m + 701. Let y be c(-11). Let d = 21 + -13. What is the greatest common factor of d and y?
8
Let w = -8392 - -14467. Calculate the greatest common divisor of w and 150.
75
Suppose 3*h - 8 = -3*l + 4*l, -2*h + l + 7 = 0. Let s be 2*(7 - (h + 2/2)). Let k = -7 - -37. What is the highest common factor of s and k?
10
Suppose -16*f - 1084 = -1228. Calculate the greatest common divisor of f and 147.
3
Let h be -2198*(6/(-8))/(-1)*218/(-327). What is the highest common factor of h and 7?
7
Suppose -72 = -k - 4*p, -2*k + 114 = -0*k + 2*p. Suppose 190 - 228 + 306 = 67*c. What is the highest common divisor of c and k?
4
Suppose 12*o - 1396 = 428. Calculate the highest common factor of o and 285.
19
Let m = -133 + 137. Suppose 0 = -m*t - 0*n + 2*n + 46, -4*n + 29 = 3*t. What is the highest common divisor of 143 and t?
11
Let l(s) = -31*s**2 + 568*s. Let p be l(18). What is the highest common factor of 760 and p?
20
Suppose 127*f + 19*f = -6*f + 3606960. What is the highest common divisor of 210 and f?
210
Let o(h) = 4*h**2 - 13*h**2 + 1 + 6*h**2 + 13*h. Suppose -r = 2*r - 5*s - 29, 2*r - 2*s - 14 = 0. Let g be o(r). What is the highest common factor of g and 208?
13
Let u be (12/(-5))/((-2)/10). Let z = 864 - 828. Let f = z + -30. What is the greatest common divisor of u and f?
6
Let t be 3 + 0/3 - -4. Suppose -6*u - 2 = -t*u. Suppose 5*w - u = 4*h + 215, -w = -3*h - 39. What is the greatest common divisor of 18 and w?
9
Suppose 0 = 12*h + 2393 - 8573. Suppose 2*j - h - 57 = 0. Let w = 54 + -28. Calculate the highest common factor of w and j.
26
Let g = 164 - 243. Let f = -74 - g. Let h = -45 - -48. Calculate the greatest common factor of f and h.
1
Let c(u) = 7*u**2 + 256*u - 371. Let g be c(-38). Let z(s) = -s**2 - 11*s + 11. Let o be z(-10). Calculate the highest common factor of o and g.
3
Let f = -4162 - -4210. Let t be 1/(1 - (-12)/(-15)). Suppose t*s - 2*j - 83 - 67 = 0, 0 = -4*s - 5*j + 153. Calculate the greatest common divisor of f and s.
16
Suppose -2*w = 5*h - 3733, 4*w + 38 - 34 = 0. What is the highest common divisor of 415 and h?
83
Let o be 6 + 17/(6 + 28) + (-14754)/(-4). Calculate the highest common factor of 5 and o.
5
Let t = -44253 - -44268. Calculate the greatest common divisor of 30000 and t.
15
Let f(x) = -29*x - 17 + 24*x + 4. Let u be f(-4). Suppose u*a - 323 - 202 = 0. What is the greatest common factor of 25 and a?
25
Suppose 17*b + 97800 = 72*b + 245*b. What is the greatest common factor of 163 and b?
163
Suppose -2*j + 26472 = 10*p, -2*p + 4*j + 5155 = -113. Calculate the highest common factor of 66 and p.
6
Let y(q) = -q**3 + 6*q**2 - 3*q - 7. Let h be y(5). Let p = h - -6. Let n be ((-2)/p + (-118)/36)*-18. What is the greatest common divisor of n and 21?
21
Let a(m) = 2*m - 15*m - 6 - 3*m. Let s be a(-6). Suppose -7*x + 3 = -102. Calculate the highest common divisor of x and s.
15
Let c be ((-19)/(-95))/((-2)/(-30)). Let y(w) = 2*w + 1. Let k be y(2). Suppose 5*d = -k*h + 40, d = -c*d - 20. What is the highest common divisor of h and 13?
13
Let n be (-4)/2 + (-13 - -21). Let g(r) = 2*r**2 - 3 + 3 - n*r - 4 + 0. Let q be g(-2). What is the greatest common factor of 2 and q?
2
Let u = 3281 - 2826. Calculate the highest common divisor of u and 5551.
91
Let f = 265 - 262. Suppose f*o - 347 = 16. Calculate the greatest common factor of 88 and o.
11
Suppose 6*n - 6*n = 7*n - 11592. What is the greatest common divisor of 1863 and n?
207
Let d = -29 + 66. Let k = d + -21. Suppose 7*p + k = 9*p. Calculate the highest common divisor of p and 64.
8
Let i(o) = -o**3 - 9*o**2 + 30*o + 27. Let v be i(-12). Let t(w) = 2*w**3 + 9*w**2 - 22*w - 49. Let f be t(-5). What is the highest common factor of v and f?
9
Let q(s) = 6*s + 16 - 115 + 7 - 34*s + 2. Let l be q(-15). Suppose -h + d - 33 = -2*h, 15 = 5*d. What is the highest common factor of h and l?
30
Suppose 5*w = 4*w. Let l = 1 - w. Let j = -353 - -354. Calculate the greatest common divisor of j and l.
1
Let p be (25/(-2))/(47/940). Let w be p*(-11)/(154/35). Calculate the greatest common divisor of w and 5.
5
Suppose 5*z + 4*c = 2, c = 2*z - 0 - 6. Suppose 3*m - z*b = 14, -m + 9 + 1 = 2*b. Let t = -684458 - -684524. What is the highest common divisor of m and t?
6
Let x be 113*(-2 - -1) + 16/4. Let y = x + 237. Suppose 12 = 3*s - 5*k + 3, 0 = -k + 3. What is the highest common factor of y and s?
8
Suppose -8*r = 4*p - 11*r - 3, -r + 3 = 0. Let i = -65 + 22. Let c = 82 + i. Calculate the greatest common factor of c and p.
3
Let o(k) be the first derivative of -k**4/4 - 3*k**3 - 3*k**2/2 - 18*k - 32. Let f = -10 + 1. Let q be o(f). Calculate the highest common divisor of q and 36.
9
Let f(j) = -3*j**2 - 26*j - 15. Let y be (28/8 + 0)*-2. Let t be f(y). What is the greatest common factor of 170 and t?
10
Let w(o) = 4*o**2 + 110*o - 890. Let j be w(7). What is the greatest common divisor of 437 and j?
19
Suppose g + 14 - 21 = 0. Suppose -g*i - 5034 = -13*i. Let m = 1180 - i. What is the highest common factor of m and 31?
31
Suppose m + 8*m = 16*m - 644. Calculate the highest common factor of m and 759.
23
Let z(v) = 2*v**3 - 88*v**2 + 210*v - 102. Let y be z(47). What is the greatest common divisor of 18 and y?
18
Let h(s) = -57*s - 30. Let t be h(-6). Suppose -15*u + t = -228. What is the highest common factor of u and 288?
36
Let i = 5 + 0. Let u = 35 - 35. Suppose u*x - 3*v = -x - 1, -2*v + 14 = 2*x. Calculate the highest common divisor of x and i.
5
Suppose o = 8*b - 6*b + 33352, 0 = 